 - 54*k**2 + 104*k + 58. Calculate v(52).
58
Let a(u) = -33*u - 79. Calculate a(-2).
-13
Let d(u) = -u**2 - 2910*u - 5818. Calculate d(-2).
-2
Let j(p) = -6*p - 121. Give j(4).
-145
Let v(u) = 3*u**2 + 62*u - 24. Calculate v(-19).
-119
Let s(y) = -2*y**3 + 107*y**2 + 274*y + 327. Determine s(56).
-9
Let p(z) = 1146*z - 4592. Determine p(4).
-8
Let y(l) = -l**2 - 28*l - 157. Determine y(-12).
35
Let n(p) = -p**3 - 7*p + 5. Give n(2).
-17
Let g(m) = -39*m - 292. Calculate g(-8).
20
Let o(u) = 224*u + 4507. Calculate o(-20).
27
Let k(b) = 2*b**3 - 569*b**2 - 1436*b + 290. Determine k(287).
3
Let m(g) = -g**3 - g**2 + 56*g - 4. Give m(7).
-4
Let a(w) = 51*w + 233. Calculate a(-5).
-22
Let t(o) = o**3 - 9*o**2 + 56*o - 650. What is t(10)?
10
Let d(z) = 4*z**3 + 62*z**2 + 261*z + 194. Calculate d(-8).
26
Let v(r) = -r**2 - 16*r + 182. Give v(-23).
21
Let b(v) = -3*v**3 - 12*v**2 + 38*v + 112. What is b(-5)?
-3
Let n(h) = h**2 + 12*h - 710. Give n(-21).
-521
Let t(k) = 2*k**3 - 22*k**2 + 11*k - 122. Give t(11).
-1
Let u(o) = -o**3 + 54*o**2 - 75*o + 1163. Give u(53).
-3
Let w(d) = 3*d**2 + d - 22. Determine w(-7).
118
Let a(k) = -k**2 - 97*k + 2130. Calculate a(18).
60
Let c(h) = 5*h**3. What is c(-2)?
-40
Let m(r) = -r**3 + r**2 - 12*r + 18. Give m(-8).
690
Let x(j) = 960*j + 119034. What is x(-124)?
-6
Let k(b) = -8*b**2 - 311*b - 21. Calculate k(-39).
-60
Let p(o) = 2*o**2 + 395*o + 10328. Give p(-31).
5
Let r(t) = 124*t - 468. Determine r(3).
-96
Let a(u) = -u**3 - 5*u**2 + 9*u + 27. What is a(-5)?
-18
Let j(x) = -2*x - 106. Give j(-33).
-40
Let s(l) = 25*l + 29. Calculate s(-10).
-221
Let k(a) = -41*a + 123. What is k(6)?
-123
Let o(r) = 149*r**3 + 4*r**2 + 6*r + 2. Calculate o(-1).
-149
Let n(o) = -2*o**3 + 37*o**2 + 16*o + 3. What is n(19)?
-54
Let l(i) = i**3 - 7*i**2 + 18*i - 140. Give l(7).
-14
Let n(i) = 2145*i - 27881. What is n(13)?
4
Let u(j) = -127*j - 621. What is u(-5)?
14
Let m(i) = -75*i - 294. What is m(-5)?
81
Let w(s) = -2*s**3 + 73*s**2 + 113*s + 58. Give w(38).
20
Let b(y) = -y**3 + 9*y**2 + 48*y + 22. Give b(13).
-30
Let v(i) = 6*i**3 + 22*i**2 + 733*i + 2972. Give v(-4).
8
Let m(f) = -3*f**3 + f**2 + 11*f + 3. Determine m(-3).
60
Let l(s) = -100*s - 811. Determine l(-8).
-11
Let h(t) = 26*t - 159. Calculate h(11).
127
Let b(a) = 6*a**2 - a + 6. Determine b(-1).
13
Let l(j) = -12*j**2 - j. Determine l(-1).
-11
Let w(a) = a**3 - 8*a**2 - 57*a + 483. What is w(7)?
35
Let k(a) = -70*a - 1864. Give k(-27).
26
Let s(v) = 120*v - 5637. Determine s(47).
3
Let j(y) = 46*y - 256. What is j(6)?
20
Let c(a) = a**2 + 51*a - 61. Give c(-22).
-699
Let w(f) = -4*f**2 - 61*f + 144. Calculate w(-17).
25
Let k(a) = -38*a - 62. Determine k(7).
-328
Let u(v) = -v**2 + 41903*v + 251447. Determine u(-6).
-7
Let v(b) = -b**2 - 8*b - 37. Give v(-6).
-25
Let z(i) = -340*i + 2668. Determine z(8).
-52
Let z(d) = d**3 + 126*d**2 + 240*d - 1008. Give z(-124).
-16
Let w(j) = j + 195. What is w(3)?
198
Let a(b) = 14*b + 119. What is a(-6)?
35
Let t(k) = -k**3 - 48*k**2 - 565*k + 61. Give t(-27).
7
Let o(x) = -2*x**3 - 11*x**2 + 7*x + 11. Calculate o(-6).
5
Let b(g) = -1077*g - 88. What is b(1)?
-1165
Let p(t) = 54*t - 3183. Determine p(59).
3
Let w(x) = -10*x**3 + 532*x**2 - 105*x - 80. Calculate w(53).
-27
Let l(t) = 546*t - 6003. Determine l(11).
3
Let u(q) = q**3 + q**2 - 568*q + 78. What is u(-24)?
462
Let f(g) = g**3 + 12*g**2 + 3*g - 15. Calculate f(-12).
-51
Let r(g) = 20*g - 61. What is r(6)?
59
Let f(b) = -52*b + 29. Calculate f(7).
-335
Let y(u) = u**3 + 10*u**2 - 3*u. What is y(-11)?
-88
Let n(s) = -9*s**3 + 67*s**2 - 27*s - 6. What is n(7)?
1
Let u(b) = -2*b - 115. Determine u(45).
-205
Let w(z) = z**2 + 37*z + 84. Determine w(-35).
14
Let m(x) = x**3 - 11*x**2 - 46*x - 26. What is m(14)?
-82
Let k(w) = -w**3 + 29*w**2 - 70*w - 217. Calculate k(26).
-9
Let h(s) = s**2 + 52*s + 630. Determine h(-32).
-10
Let d(q) = 2*q**2 + 51*q - 52. Determine d(-5).
-257
Let f(a) = -3*a**2 + 9*a + 168. What is f(9)?
6
Let w(b) = -23*b**3 + 2*b**2 - 63*b - 127. What is w(-2)?
191
Let i(t) = -143*t + 1276. Give i(7).
275
Let z(r) = -r**3 + 4*r**2 + 20*r - 10. Calculate z(7).
-17
Let c(w) = -79*w**2 - 4584*w - 105. What is c(-58)?
11
Let g(o) = -30*o - 87. Calculate g(-4).
33
Let g(b) = -385*b - 5806. Give g(-16).
354
Let k(x) = 3*x**2 + 35*x + 64. Calculate k(-2).
6
Let g(o) = 4*o**2 - 49*o + 274. Give g(6).
124
Let l(w) = 105*w - 1575. What is l(15)?
0
Let c(i) = -2*i**2 + 4*i + 302. What is c(-11)?
16
Let o(k) = -2*k - 227. Calculate o(-32).
-163
Let h(y) = -117*y - 27655. Determine h(-236).
-43
Let t(v) = 14*v**2 + 199*v + 32. Calculate t(-14).
-10
Let r(z) = -z**3 - 7*z**2 + 23*z + 124. What is r(-8)?
4
Let l(o) = o**2 - 58*o + 700. Determine l(19).
-41
Let s(d) = -25*d + 918. Calculate s(35).
43
Let b(r) = -r**3 + 6*r**2 + 7*r + 1. Give b(6).
43
Let s(y) = 98*y + 5395. What is s(-55)?
5
Let l(h) = -6*h**3 - 47*h**2 + 8*h + 44. Calculate l(-8).
44
Let w(y) = 52*y + 435. Calculate w(-10).
-85
Let q(l) = -10*l**2 + 9*l + 80. What is q(-6)?
-334
Let c(j) = -6*j**3 - 29*j**2 + 12*j + 44. What is c(-5)?
9
Let p(g) = 2*g**3 + g**2 - 14*g - 3. Determine p(-3).
-6
Let w(p) = 7*p**3 + 56*p**2 - 4*p + 14. Give w(-8).
46
Let m(x) = -x**3 - 110*x**2 - 317*x + 338. Give m(-107).
-90
Let j(c) = c**3 - 15*c**2 + 62*c - 142. What is j(10)?
-22
Let k(c) = -c**3 - 45*c**2 + 51*c + 30. What is k(-46)?
-200
Let v(d) = 4*d**3 - d**2 + 5*d - 12. Give v(4).
248
Let t(m) = -44*m**2 - 1009*m - 62. Determine t(-23).
-131
Let z(i) = 2*i**3 - 15*i**2 - 20*i + 189. Calculate z(7).
0
Let h(c) = -82*c - 4923. Determine h(-60).
-3
Let u(a) = 4*a**2 + 23*a - 2835. Determine u(24).
21
Let j(h) = -3*h**3 + 13*h**2 + 75*h + 21. What is j(-3)?
-6
Let a(k) = 2*k**3 - 7*k**2 + 7*k + 8. What is a(4)?
52
Let p(b) = -b**2 + 34*b - 74. Calculate p(4).
46
Let l(o) = -51*o + 301. What is l(-2)?
403
Let x(s) = s**3 + 27*s**2 - 54*s. What is x(-29)?
-116
Let v(k) = -2*k**2 + 23*k + 3. What is v(14)?
-67
Let s(c) = c**3 + 33*c**2 + 16*c - 419. What is s(-32)?
93
Let v(l) = -9*l**2 - 113*l + 782. Give v(5).
-8
Let y(k) = -2*k**2 - 110*k - 1072. Determine y(-42).
20
Let n(q) = -5*q - 8. Give n(0).
-8
Let d(l) = -270*l**3 - 10*l + 9. Determine d(1).
-271
Let n(v) = 79*v + 3830. Determine n(-48).
38
Let t(m) = -7*m**2 + 60*m - 86. What is t(6)?
22
Let k(o) = -o**3 + 16*o**2 - 18*o - 72. Determine k(13).
201
Let v(f) = -3*f**3 + 38*f**2 + 21*f - 95. What is v(13)?
9
Let x(n) = -476*n + 23821. Determine x(50).
21
Let y(l) = 4*l**3 + l**2 + 10*l - 23. Determine y(2).
33
Let o(n) = -2*n**2 - 13*n + 6764. What is o(55)?
-1
Let k(m) = -316*m - 1271. What is k(-4)?
-7
Let p(r) = 990*r - 2973. Give p(3).
-3
Let p(f) = 2*f**2 + 7*f + 44. Determine p(0).
44
Let b(w) = -w**3 - 8*w**2 + 10*w - 24. What is b(-10)?
76
Let i(v) = -2*v**3 - 70*v**2 - 4*v - 140. Determine i(-35).
0
Let l(h) = -h**3 + 89*h**2 - 442*h + 1849. Determine l(84).
1
Let r(x) = x**3 + 9*x**2 - 12*x - 109. Calculate r(-4).
19
Let c(d) = d**3 + 16*d**2 + 56*d + 37. Calculate c(-7).
86
Let n(a) = -149*a + 2666. Give n(17).
133
Let v(y) = 10*y + 136. What is v(-19)?
-54
Let y(p) = -p**3 - 14*p**2 + 27*p - 70. What is y(-16)?
10
Let g(x) = 3*x**3 - 416*x**2 - 111*x - 3898. Give g(139).
-6
Let i(h) = 2579*h - 20633. Calculate i(8).
-1
Let m(k) = -348*k + 90472. Give m(260).
-8
Let o(x) = 316*x - 3482. Determine o(11).
-6
Let u(b) = -b**3 - 59*b**2 - 219*b + 51. Calculate u(-55).
-4
Let a(w) = w**2 + 175*w + 3615. Give a(-24).
-9
Let h(n) = n**3 - n**2 - 8*n + 14. Calculate h(4).
30
Let w(f) = -20*f + 25. Calculate w(-5).
125
Let q(a) = -a**3 - 18*a**2 - 13*a + 11. Determine q(-6).
-343
Let p(a) = -3*a**2 - 12*a + 2. Determine p(-8).
-94
Let f(z) = -z**3 - 23*z**2 - 182*z - 2444. Determine f(-20).
-4
Let d(x) = 3*x**2 + 29*x - 105. Determine d(4).
59
Let v(i) = -i**2 - 8*i - 1. Determine v(-6).
11
Let c(v) = 28*v**2 - 173*v + 12. What is c(6)?
-18
Let i(y) = -6*y**3 + y**2. Calculate i(3).
-153
Let q(r) = -30*r + 425. Give q(14).
5
Let h(x) = 2*x**3 + 145*x**2 + 94*x + 12190. Give h(-73).
-1
Let u(i) = -i**3 + 9*i**2 + i - 70. Give u(10).
-160
Let l(k) = 98*k**2 - 1002*k + 202. Calculate l(10).
-18
Let m(l) = -l**2 + 20*l + 525. What is m(-15)?
0
Let w